+ 85*v**2. What is the units digit of p(2)?
3
Let o(n) be the first derivative of -28*n**2 - 193*n + 234. What is the units digit of o(-21)?
3
What is the ten thousands digit of (-116804)/(-8) + 129/(-258)?
1
Let a(n) = -3*n + 62 + n - 3*n + 7*n. What is the tens digit of a(-22)?
1
Let s(l) = 2*l**2 + 10*l - 16. Let k = -36 - -43. Let v be s(k). Suppose v + 270 = 4*u + 5*t, -2 = t. What is the tens digit of u?
0
Suppose 40*r - 1218666 = -34*r + 820774. What is the units digit of r?
0
Let a(g) = 53*g + 44 + 52*g - 94*g. What is the units digit of a(12)?
6
Let x(y) = -y**3 - 7*y**2 + 9*y + 3. Let w be x(-8). Let o = -1 - w. Suppose 2*q - 4*c - 62 = 0, o*c = 4*q + q - 143. What is the tens digit of q?
2
Let z be (-52)/(-182) - 46/14. What is the tens digit of 46/1 + z + 3?
4
Suppose -275*v = -277*v + 2*f + 12466, 3*v = -6*f + 18699. What is the thousands digit of v?
6
Let m be 25246/6 + (0 - (-1)/3). What is the hundreds digit of 45/(-3)*m/(-48)?
3
Let l(x) = -27*x - 60. Let q be l(-30). Suppose 13*h - 17*h + 2885 = 3*f, h - 5*f = q. What is the hundreds digit of h?
7
Suppose -5*w = -2*u - 2162, -100*w + 3025 = -93*w - 3*u. What is the hundreds digit of w?
4
Let o be 3/(36/8) + (-1482)/9. Let n = o + 435. Suppose 0 = -3*g - 3, -u + 3*g = 3*u - n. What is the units digit of u?
7
Let u(g) = 2*g**3 - 50*g**2 - 7*g + 153. What is the units digit of u(26)?
3
Let v = -26 + 15. Let n be (2/5)/(v/(-20625)). Let a = n + -497. What is the units digit of a?
3
Let d be (-5)/10 - ((-6381)/2)/9. What is the hundreds digit of (-2)/((-2)/d*2)?
1
Let g = 99 + 219. Let v = g + 388. What is the hundreds digit of v?
7
Let i = 409 - 405. Let j(m) = -m. Let q(h) = -18*h + 23. Let t(z) = -3*j(z) - q(z). What is the tens digit of t(i)?
6
Let v = 1022 - 516. Let d be -338 + -7 - 0/(-1). Let s = d + v. What is the hundreds digit of s?
1
Let o be 24/10 + 2/(-5). Suppose i - 11 = -o*i + 4*r, -i + 7 = 2*r. Suppose 0*y = -i*y + 165. What is the tens digit of y?
3
Suppose 3*h - 18 - 648 = 0. Suppose 0 = 6*u - 996 - h. What is the tens digit of u?
0
Let w = 327 - 310. Suppose v - 9918 = -w*v. What is the units digit of v?
1
Let b = 1 + 1. Suppose 2*p - 2540 = -b*c, -3*p - 2540 = -2*c - 0*p. What is the units digit of c?
0
Suppose 97*y = 646974 + 74415. What is the hundreds digit of y?
4
Suppose 2*n - 2*o = -90, 7*o = -n + 11*o - 60. Let s = 76 - n. What is the hundreds digit of s?
1
Suppose 5*z + 31 - 116 = -2*h, -65 = -h + 5*z. What is the hundreds digit of (-73 - (14 + -4))/((-2)/h)?
0
Let p(c) = -c**3 + 5*c**2 - 4*c - 1. Let x be p(3). What is the units digit of ((-162)/2)/(x - (-39)/(-6))?
4
What is the tens digit of (-60)/12 + 12279/((-11)/(-11))?
7
Let n(x) be the first derivative of -29*x - 3/2*x**2 - 16. What is the units digit of n(-14)?
3
Let k(u) = 6*u**3 - u**2 + 3*u - 2. Let l be k(1). Suppose -2*f + l*f - 96 = 0. What is the units digit of (1 - (-30)/7) + f/(-84)?
5
Let s be 4 - (2 - (3 - 1960)). What is the tens digit of (s/(-30))/(1/6)?
9
Suppose -10*y + 16 + 24 = 0. Let d be y/20 - ((-42)/15 + 0). Suppose d*q = 2*s + 99 + 212, 0 = -2*q + 4*s + 210. What is the hundreds digit of q?
1
What is the tens digit of (1/2)/((-3748565)/(-156190) + -24)?
1
Suppose 52466 = 2*i + 4*k, 0*i = 3*i + 2*k - 78671. What is the hundreds digit of i?
2
Suppose 5*d + 6 = 16. Suppose 0*u + 18 = -u + 4*h, d*u - 29 = -5*h. Suppose -5*j = -4*w - u, -5*w = 2*j - 7*j. What is the units digit of w?
2
Suppose -m + 8 - 6 = 0, n - 40178 = -2*m. What is the hundreds digit of n?
1
Suppose a = -26 - 121. Let g = 398 + a. Suppose 55 = 2*l - g. What is the hundreds digit of l?
1
Let l(i) = -5*i**3 + i**2 - 4*i - 3. Let k be l(-1). What is the hundreds digit of (-2)/(k + (-3575)/510)?
2
Suppose -100*b + 170*b = -151*b + 16050567. What is the tens digit of b?
2
Suppose 2*p - 3220 = 16*p. Let j = p - -677. What is the tens digit of j?
4
Let s be (3/(-2))/((-3)/30). Let d = s + -14. What is the tens digit of (d*-11)/((-6)/12)?
2
Let a(n) = n - 3. Let g be a(6). Suppose 5 = -g*l + 20. What is the units digit of 337/l + (-10)/25?
7
Suppose 67*q - 5*y = 72*q - 14840, 4*q - 11935 = 5*y. What is the units digit of q?
5
Let b(s) = 100*s**2 - 2*s + 1. Suppose 8*l - 210 + 202 = 0. What is the tens digit of b(l)?
9
Suppose f = 5*o - 17 + 2, -f = -3*o + 9. Suppose -8 = -2*s, o*s = -4*a + s + 20. Suppose 338 = 4*d - a*i, -3*d - 4*i + 352 = d. What is the tens digit of d?
8
Let v = 302 - -60. Suppose 73*u = 72*u + v. What is the units digit of u?
2
Let n = 11 - 4. Let g = n - -22. Let l = g + 66. What is the units digit of l?
5
Let i = -80730 + 121395. What is the tens digit of i?
6
Let j be ((2565/(-36))/19)/(1/(-268)). What is the tens digit of 1/3*j + 6?
4
Let f(a) = 26*a + 31. Let w(q) = -3*q. Let p(k) = -f(k) + 6*w(k). What is the hundreds digit of p(-21)?
8
Suppose 5*k - 219325 = -5*z, 119120 + 12520 = 3*z - 6*k. What is the hundreds digit of z?
8
Let p be (-69)/(-3*(-3)/9). Let n = 126 + p. Suppose 4*w + 6 = y + 2*w, 5*w = -2*y + n. What is the tens digit of y?
1
Let q(o) = 3*o - 23. Let k be q(13). Suppose 4*l = -2*c, l - 3*l - k = 5*c. Suppose -30 - 4 = -l*r. What is the tens digit of r?
1
What is the units digit of (8/(-10))/((-12)/(-9940))*40032/(-278)?
4
Let u(y) = 109*y - 30. Let m(z) = -2*z**2 - 2*z + 31. Let t be m(-4). What is the tens digit of u(t)?
3
Suppose 4*p = 3*v - v + 96, 88 = 4*p + 2*v. Suppose 3*x - 1048 = p. What is the hundreds digit of x?
3
Let q(r) = 3*r**2 + 5*r - 6. Let z be q(3). Let v = z + -30. Let s(b) = 3*b**2 - 12*b + 26. What is the units digit of s(v)?
2
Let o be ((-135)/(-81))/(1/(-1929)*-1). Suppose -6*q = -o - 2911. What is the thousands digit of q?
1
Let f(q) = -29*q - 22. Let b be f(-3). Suppose -3*o = 5*s + b, 13 = 3*s - 4*s - o. What is the units digit of 2 + s/(39/(-792))?
6
Suppose 10*v = 2*v + 4968. Suppose -7*a + v = -4*a. What is the hundreds digit of a?
2
Let s(f) = f**3 - 34*f**2 + 26*f + 62. Let p be s(33). Let n = p + 745. What is the tens digit of n?
7
Let l = 92 + -77. Suppose -l*t + 779 = -541. What is the hundreds digit of 20/8*t*1?
2
Suppose 2*n - 17*s - 20174 = -11*s, 2*s = 10. What is the ten thousands digit of n?
1
Suppose 14*u - 36268 = 103004. What is the tens digit of u?
4
Suppose -4*o = -4, -5*y - 42*o + 35 = -37*o. What is the units digit of (-6 + y/12)*-90?
5
Let m be (3 + 75/(-20))/((-3)/(-168)). Let v be (-2)/(-7) - 80/m*3. Let d(f) = f**2 - 1. What is the units digit of d(v)?
5
Let h(n) = -n**2 - 3*n + 7. Let a be h(-4). Suppose a*w + 1 - 4 = 0. What is the units digit of (66/4)/(-6*w/(-12))?
3
Suppose -18 = -55*u + 46*u. Suppose -7*p + 2280 = -u*p. What is the units digit of p?
6
Let i = 17046 + -12144. What is the hundreds digit of i?
9
Let u be (-3 - -1) + 42/2. Suppose -9*g - u = -55. What is the units digit of ((-142)/6)/(g/(-48))?
4
Suppose -180 = 23*x - 25*x. Suppose -7*y - 20 = -x. What is the tens digit of (16/(-40))/((-2)/y) + 31?
3
Suppose 12232656 = -40*x + 93*x + 151*x. What is the hundreds digit of x?
9
Let u(a) = 3*a**3 - 2*a**2 - a + 2. Let p(r) = 7*r - 2 + 5 - r**2 - 3*r. Let c be p(4). What is the tens digit of u(c)?
6
Let l = 19052 + -2398. What is the thousands digit of l?
6
Let h = 51068 + -25577. What is the hundreds digit of h?
4
Suppose 4*o = 5*p + 3*p + 46264, 34666 = 3*o + 2*p. What is the tens digit of o?
5
Suppose -3*u + 772 = -u. Suppose 5*x = 470 + 245. Let i = u - x. What is the hundreds digit of i?
2
Let o = -50 + 41. Let w be (-353)/(-2) + (o/6 - -1). Suppose 5*n + 2*q - w = 0, 3*n = -2*q + 8 + 96. What is the units digit of n?
6
Suppose -4*i + 0*i + 16 = 0. Suppose 0 = j - 2, -6*w = -w - 3*j - i. Suppose -z = -2*l + 172, -5*z = -w*l - 2*l + 356. What is the units digit of l?
4
What is the tens digit of (0 + 2 - -1492)*72/54?
9
Suppose 0 = t - 2 - 2. Let b(g) = -5*g**3 - 9*g**2 + 3*g - 1. Let m be b(-3). Suppose 0 = -t*z + 272 - m. What is the tens digit of z?
5
Suppose 383*k + 208*k = 197*k + 6424564. What is the thousands digit of k?
6
Let a = 47740 - 32995. What is the units digit of a?
5
Suppose 8971 = 3*f - p, -2*f + 1165 = -4*p - 4839. What is the units digit of f?
8
What is the thousands digit of 1 + 36778 + (30 - 25)?
6
Let d = -265 + 252. Let b(t) = -10*t - 104. What is the units digit of b(d)?
6